de j(-5)?
False
Let i be (-3)/9 - 34/6. Let j be 12/(-5)*(i + 1). Let k = -1 + j. Is 7 a factor of k?
False
Suppose -1260 = -18*c - 2*c. Is c a multiple of 7?
True
Let x(o) = -4*o**3 + 2*o + 4*o - 5*o. Let p be x(-1). Suppose -4*v - 5*y = -v - 36, 0 = p*v + 2*y - 45. Is v a multiple of 8?
False
Let j(v) = 6*v**2 + v - 2. Is j(-5) a multiple of 13?
True
Let x be (-1)/(-1)*(-1 + 1). Suppose x = -l + 3. Suppose -4*w = -2*m - 62 - 72, 3*w + l*m - 105 = 0. Is w a multiple of 16?
False
Let j(p) = -7*p - 39. Let n(w) = -3*w - 19. Let x(y) = 2*j(y) - 5*n(y). Let t be x(-7). Let u(a) = a**2 - 7*a - 14. Is u(t) a multiple of 7?
False
Let f be (-4)/2*9/6. Does 9 divide (-2 - 46/(-2)) + f?
True
Let t = -15 + 8. Let y(v) = -3*v + 8 - 2 + 1. Is y(t) a multiple of 10?
False
Suppose -5*s + 279 = -696. Suppose 3*o + 5*i - 2*i - s = 0, -i = -o + 61. Does 21 divide o?
True
Let c(l) = -2*l**2 + 12*l + 4. Let a be c(6). Suppose a*x - 5*s = 151, 5*x = 5*s + 241 - 56. Does 17 divide x?
True
Suppose 0 = 3*m - v - 19 - 122, 0 = 5*v + 15. Let j = m - 28. Is j a multiple of 9?
True
Suppose 2*y = 3*n + 2 - 12, -2*y = 4. Does 33 divide 1365/14 - (-3)/n?
True
Is 7 a factor of (-6)/(-6)*(0 - -23)?
False
Let f(j) be the third derivative of -13*j**4/12 + 2*j**2. Does 11 divide f(-1)?
False
Suppose -10 + 29 = 5*c + b, c = 5*b - 17. Let q = 9 - c. Is 3 a factor of q?
True
Let u be (-2 + 18)*(-92)/8. Is 14 a factor of (u/(-6))/((-6)/(-9))?
False
Suppose 2*y + 2*z = -z + 49, -20 = 4*z. Is 8 a factor of y?
True
Let u = 349 + -239. Does 20 divide u?
False
Suppose b = -3*u - 4*b - 79, -5*b = 5*u + 145. Let v = 59 + u. Does 10 divide v?
False
Let l(a) = a**3 - a**2 - a + 41. Let c be l(0). Let n = -19 + c. Is 8 a factor of n?
False
Suppose -5*f = -5*w - 295, 4*w = -2*f - 0*w + 124. Is f a multiple of 12?
True
Suppose 3*b = -c + 4 + 9, b - 15 = -3*c. Suppose 15 + 0 = 3*x. Suppose -b*k - 20 = -x*k. Is k a multiple of 9?
False
Suppose 0 = 34*i - 32*i - 120. Does 11 divide i?
False
Suppose 19*s - 546 = 13*s. Does 9 divide s?
False
Suppose 5*u - 62 = 3*x, 0 = u + 4*x - 3*x - 6. Suppose 5 = -5*y + u*y. Suppose y = 2*l - 11. Does 3 divide l?
True
Let c be 2/(-3) - 1570/(-15). Let b be (2 + (-9)/6)*0. Suppose b = x - 5*x + c. Does 14 divide x?
False
Let g be (-13)/(-3) - 4/(-6). Suppose 13 = -g*s - 87. Let f = s - -51. Is f a multiple of 21?
False
Suppose d + b - 8 = 0, 0*d - 3*b = 2*d - 11. Suppose 5 = -8*i + 3*i. Let q = d + i. Is 6 a factor of q?
True
Let g be -2 + -3 + (-2 - -2). Let q(m) be the second derivative of -m**5/20 - m**4/4 + m**3 + m**2 + m. Is q(g) a multiple of 7?
False
Let r(w) be the first derivative of -5*w**2/2 - 1. Suppose 5*c - 3*c = -16. Does 15 divide r(c)?
False
Is 14 a factor of (-10)/3*3528/(-70)?
True
Suppose -194 = -15*v + 14*v. Is 25 a factor of v?
False
Let t(a) = 14*a - 3. Let x be t(-3). Let f = x + 77. Is f a multiple of 11?
False
Let v(r) = 10*r - 3. Is 5 a factor of v(2)?
False
Let j = 50 + -28. Does 11 divide j?
True
Suppose 0 = q, 3*q + 702 = -m + 4*m. Is 18 a factor of m?
True
Let a(l) = l**3 + 6*l**2 - 2*l - 9. Let r be a(-6). Suppose -2*m - 2*d = 3*m + 146, -5*m + r*d - 131 = 0. Let s = m + 43. Does 15 divide s?
True
Suppose 0*t = -3*m + t + 13, -m - t = -3. Suppose 0 = -4*r + m*i + 52, 8*i + 54 = 4*r + 5*i. Does 4 divide r?
False
Let m(j) = -19 + 3*j + 0 - 1. Is m(15) a multiple of 9?
False
Let k(s) = -s. Let x be k(0). Suppose x = -5*l + 5 + 5. Suppose -w + 15 = m, 0 = -3*w + l*m + 50. Is 16 a factor of w?
True
Let s(p) be the second derivative of p**5/20 - 5*p**4/12 - 2*p**3/3 - 4*p. Is 4 a factor of s(6)?
True
Let r = 400 + -275. Suppose r = 2*h - p, 3*p + 315 = 4*h + h. Is 22 a factor of h?
False
Suppose 2*z - 5*q - 705 = 0, 4*z - 2*z + 4*q = 678. Is z a multiple of 36?
False
Let v = 8 + -4. Suppose 0 = 2*x - 2, 4*q - 3 = -0*q + 5*x. Suppose l + v*z = q*l - 24, -5*l + 204 = z. Does 15 divide l?
False
Let n(q) = -39*q - 66. Let p(o) = 3*o + 5. Let a(l) = -2*n(l) - 27*p(l). Does 3 divide a(-4)?
True
Let z be ((-2)/(-4))/((-1)/8). Let s be z/(3/((-30)/2)). Suppose 0 = 5*q + 20, 3*l - 29 - s = -2*q. Is l a multiple of 5?
False
Let j(u) be the first derivative of 31*u**2/2 + 4*u - 1. Does 22 divide j(2)?
True
Let y(j) = j + 14. Is 7 a factor of y(9)?
False
Suppose 42 = -4*i + 242. Does 12 divide (24/10)/3*i?
False
Suppose 5*c - 147 = 5*q + 23, 0 = c - 4*q - 49. Is 10 a factor of c?
False
Suppose 4*z = -4*i + 404 - 52, -5*i = 3*z - 430. Is i a multiple of 13?
False
Let i = 7 + 34. Does 8 divide i?
False
Suppose 2 = o - 3. Suppose 81 = -2*z + o*z. Does 19 divide z?
False
Let a be (12/(-10))/((-5)/175). Suppose x = -x + a. Does 8 divide x?
False
Let b be 3*1/(-2)*-2. Let v be ((-2)/b)/(4/(-720)). Suppose -v = -7*p + 2*p. Is p a multiple of 17?
False
Let l(q) = -q**3 - 6*q**2 - 9*q - 25. Is 25 a factor of l(-8)?
True
Let f(n) = -32*n - 9. Is 17 a factor of f(-4)?
True
Let s be (-50)/(-8) + 1/(-4). Suppose -s*v = -4*v - 24. Is 10 a factor of v?
False
Let g(z) = 2*z + 1. Suppose 2*l = 4*u + 28, -4*u + u = -4*l + 46. Is g(l) a multiple of 9?
False
Suppose -2 - 2 = -2*u. Suppose -2*q = -0*q + u*z - 126, -4*q - 3*z + 253 = 0. Suppose -3*f - 19 = -q. Is f a multiple of 15?
True
Suppose -3*n - 2*n + g + 113 = 0, -g = -n + 25. Is n a multiple of 22?
True
Let l be ((-14)/35)/(2/(-10)). Suppose 0 = -l*s + s + 17. Is 17 a factor of s?
True
Let k = 15 + -13. Is 14 a factor of (-3)/(-2)*k + 25?
True
Suppose x + 2*x - 165 = 0. Is x a multiple of 15?
False
Let h(q) = 2*q + 7. Is h(0) even?
False
Suppose 3*h = -0*h. Suppose 5*w - 250 = -5*t, h = 5*w - 0*t - t - 226. Suppose -4*p + 66 = -w. Is p a multiple of 10?
False
Suppose -6*r + 10 = -4*r. Suppose -5*k + 10 + r = 0. Suppose -x = -4*f - 5, 20 = 4*x - 7*f + k*f. Is x a multiple of 3?
False
Suppose 2*j + 3 = -j. Is (-19)/(-5) - j/5 a multiple of 3?
False
Let m(a) be the second derivative of 2/3*a**3 + a - 5*a**2 + 0. Is 13 a factor of m(9)?
True
Let k(f) = -f**3 - 3*f**2 + 3*f - 3. Let j be k(-3). Let p(o) = -2*o - 11. Let g be p(j). Suppose -5*y = 5*z + g - 38, 3*z = -4*y + 25. Is y a multiple of 5?
True
Suppose -180 = 5*g - 630. Does 18 divide g?
True
Let n(w) = w**3 - 5*w**2 + 4*w - 5. Let j be 48/10 - (-1)/5. Let s be n(j). Suppose -g + 10 = -3*i - 13, g - s = i. Does 11 divide g?
True
Let o(k) = 3*k**2 - k - 3. Let x be o(-3). Let j(b) = b - 6. Let v be j(6). Suppose 5*f = -0*h - 3*h + 54, 4*f - 3*h - x = v. Is f a multiple of 9?
True
Let n = -1 + -2. Is 8 a factor of n - (-1 + 1) - -43?
True
Suppose z + 2 = h - 5, -1 = z. Let f(a) = 0 - a**2 + 2*a**2 + 4 - 4*a. Is 7 a factor of f(h)?
False
Suppose -9 = 4*u + 3*t + 13, -3*u = 2*t + 16. Is (-66)/u + 12/8 a multiple of 18?
True
Suppose 7*j - 235 + 4 = 0. Does 6 divide j?
False
Let z = 26 - 11. Does 9 divide z?
False
Suppose 2*f + 401 = 6*f - 3*u, 0 = 3*f + 2*u - 322. Suppose f - 26 = 2*m. Is 11 a factor of m?
False
Suppose -4*q = -5*q - 1. Let b be -3*q/3*2. Suppose b*w - 24 = -2*w. Does 6 divide w?
True
Let w(l) = -2*l + 2. Let z be w(-2). Suppose m = z*m - 150. Is 15 a factor of m?
True
Let k(j) = -j - 8. Let r be k(-10). Suppose -69 - 39 = -r*v. Does 27 divide v?
True
Let d(a) = -a**2 - 16*a - 22. Does 17 divide d(-13)?
True
Let g(b) = b + 8. Let a be g(-7). Let l be (3 - 2 - a) + 75. Suppose 3*j - l = -3*x, 2*j + j + x - 73 = 0. Is 12 a factor of j?
True
Let n = -187 - -376. Is n a multiple of 21?
True
Let a(s) = 5*s + 3. Let f be a(-8). Let c = f + 115. Suppose -2*y + c = 4*b, 48 - 159 = -5*b + 2*y. Is 8 a factor of b?
False
Let j(p) = 29*p + 1. Let a(i) = i + 3. Let x be a(-2). Does 12 divide j(x)?
False
Let q = -6 - -5. Let p(k) = -46*k**3 + k**2 - 1. Is p(q) a multiple of 16?
False
Suppose 5*w - 159 = 2*w. Suppose -w = -4*z + 55. Is 4 a factor of z?
False
Suppose -5*g + 32 = -4*d - g, -4*d - 7 = g. Let s be (-1)/(-3) - (-13)/(-3). Is 27/6*s/d even?
True
Suppose -5*g = 16 + 9. Let i(w) = -15*w - 5. Let y(s) = 16*s + 4. Let p(b) = g*i(b) - 6*y(b). Is p(-1) a multiple of 12?
False
Let d(y) = y**2 + 4*y - 8. Let b(f) = -f**2 + 7*f - 6. Let u be b(7). Is d(u) even?
True
Does 11 divide (-19 + 18)*298/(-2 + 0)?
False
Let q(k) = -k**2 - 8*k + 7. Let o be q(-9). Let n be ((-1)/o)/((-3)/6). Is (-290)/(-8) + n/4 a multiple of 14?
False
Let v(l) = -4*l - 14. Let o(